10*y. Let g be (y + 0)*(-36)/42. What is the remainder when 25 is divided by (g/4)/(4*2/16)?
10
Let q = -9 + 22. What is the remainder when (-1002)/8*(-3 + 4)*(-68)/51 is divided by q?
11
Suppose 29 = u + 5*m, 0*u + 25 = 2*u - m. Suppose 0 = a + 2*a - 48. What is the remainder when (a + -4)*-1*(-4 - 0) is divided by u?
6
Suppose 43*a - 207 = 46*a. Calculate the remainder when a/(-3) - -1 - 16/8 is divided by 7.
1
What is the remainder when ((-8)/(-16))/(1/(486*3)) is divided by 362?
5
Let q = 8677 + -2692. Calculate the remainder when 2/7 - (-5590)/35 is divided by q/147 - (-2)/7.
37
Let i = 18271 + -18121. What is the remainder when 1510 is divided by i?
10
Let s be -2*2/8*-4. Suppose s*a - 1 = 9. Suppose 2 = -i - 3, a*v - 2*i = 715. What is the remainder when v is divided by 16?
13
Suppose 37*t = 39*t - 8*v + 26, 61 = 5*t + v. What is the remainder when (-1)/(1/(-2)) + 93 is divided by t?
7
Let f = -20568 - -23118. What is the remainder when f is divided by 13?
2
Suppose 5*y - 624 = -u, 3*y + 18*u = 19*u + 376. Suppose -5*t + 4*w = -y, -53 = 12*t - 14*t + w. What is the remainder when 405 is divided by t?
28
Let r = -10 + 26. Let o(y) = -3*y**2 - 31*y - 48. Let w(l) = l**2 + 15*l + 24. Let c(k) = 2*o(k) + 5*w(k). What is the remainder when c(11) is divided by r?
14
Suppose 12*w + 12 = 11*w. Let b = w - -200. Suppose 2*m + 2*s = -3*m + b, -m + 2*s + 40 = 0. What is the remainder when m is divided by 7?
3
Let i(x) = 2*x**2 + 6*x - 50. Let z(l) = l**2 - l. Let m(h) = -i(h) + 5*z(h). Let n = 54 + -23. What is the remainder when m(8) is divided by n?
30
Suppose -5*x + 15 = -0*x. Suppose -5*l = 0, 7*n - x*n - 64 = -5*l. Let o(s) = -s**3 + 16*s**2 - 13*s + 11. What is the remainder when o(15) is divided by n?
9
Let u be 228/10*(-80)/(-12). Let k = 165 - u. Let h = 66 + 24. What is the remainder when h is divided by k?
12
Let j = -6 + 18. Let y(x) = -28*x - 43. Let w(s) = 6*s + 11. Let v(d) = -9*w(d) - 2*y(d). What is the remainder when v(j) is divided by 3?
2
Let o = -1059 + 1084. Suppose -11 = -3*a + o. Suppose -2*z + 76 = -0*z. Calculate the remainder when z is divided by a.
2
Let p = 140 + -53. Suppose -5*w + 5*i + 98 = -27, 3*i + 100 = 4*w. Suppose -23*t + w*t = 44. What is the remainder when p is divided by t?
21
Suppose 0 = -512*f + 20*f + 265680. What is the remainder when f is divided by 87?
18
Suppose 5*q - 110 = 3*k + 140, 2*k = -2*q + 84. Let p = -36 + q. What is the remainder when 0 + 20 - (-3)/(-1) is divided by p?
6
Let t be -2 + (-24)/(-64)*8. Let b = 16 + -46. Let g = t - b. What is the remainder when g is divided by 8?
7
Calculate the remainder when 199 is divided by -3 - (232/(-5) - (-2 - 56/(-35))).
27
Suppose 104*s = 6*s - 34*s + 14124. What is the remainder when s is divided by 90?
17
Let k = 184 - 175. Let v(t) be the first derivative of t**3/3 - 5*t**2/2 - 8. What is the remainder when k is divided by v(6)?
3
Calculate the remainder when 226 is divided by ((-133)/(-38))/(3/6) + -1 - 3.
1
Let z be (0 + 4/9*-3)*-69. Let m = 95 - z. Suppose -2*x + 23 + 10 = -5*f, -2*x - 3*f + 25 = 0. What is the remainder when x is divided by m?
2
Suppose t = -2*t + 3*d + 30, 4*t = d + 34. What is the remainder when 138 - (-154)/20*-10 is divided by t?
5
Let h = -404 - -407. Suppose 3*f + 4*a = 73, -h*f + 0*a + 68 = 5*a. What is the remainder when 76 is divided by f?
14
Let c(n) = 15*n - 450. Let r(b) = b**2 + 4*b + 2. Let a be r(-5). Let w(g) = 12*g + 2. Calculate the remainder when w(a) is divided by c(32).
26
Suppose -10*y = 20*y + 15*y - 36675. Calculate the remainder when y is divided by 123.
77
Let v(f) = -f**2 - 12*f + 15. Suppose 5*t = 6*t + 1, -4*u - 5*t - 53 = 0. Calculate the remainder when (-166)/(-3) + (-4)/(-6) is divided by v(u).
11
Suppose -2*q - 78 = -3*h, 15*q + 6 - 4 = 2. Calculate the remainder when h is divided by 2 + 0 + 2 + -1.
2
Suppose 152*c - 151*c = -3*d + 3035, -3*d = 2*c - 3031. Calculate the remainder when d is divided by 10.
3
Let l(v) = 42*v + 759. Calculate the remainder when l(-7) is divided by 47.
42
Let k(i) = -i + 3. Let f = 3652 - 3628. Calculate the remainder when f is divided by k(0).
0
Let b be 16/(-36) - (-52496)/(-144). Let y = b - -397. What is the remainder when 383 is divided by y?
31
Let p(o) = -44*o - 63. Let c(t) = 13*t - 16. What is the remainder when p(-3) is divided by c(4)?
33
Suppose -4*n = -n - 4*f - 103, 5*f = n - 38. Let q(c) = -65*c**3 - 2*c**2 + 38*c + 39. What is the remainder when q(-1) is divided by n?
31
Let b be -4 + ((-18)/3 - 4). Let d(k) = -11*k + 48 + 2*k - 2*k + 13*k. Calculate the remainder when 34 is divided by d(b).
14
Let r(y) = -y + 3. Let o be r(-7). Let i(m) = m + 4. Let v be i(o). Suppose -156 = -v*c + 2*c. Calculate the remainder when 46 is divided by c.
7
Let b = -49 + 74. Let j = b - 15. Let w = j + 2. Calculate the remainder when 59 is divided by w.
11
Suppose -3 + 216 = 3*f + 4*p, -p = -5*f + 378. What is the remainder when 4799 is divided by f?
74
Let g(t) = -163*t + 1745. Calculate the remainder when 424 is divided by g(10).
79
Let y = 19778 + -19330. Calculate the remainder when 1345 is divided by y.
1
Suppose -18*h + 1371 = -1509. What is the remainder when 184 is divided by h?
24
Let t(d) = 3*d - 246. Suppose -5*g + 88 = -4*g. What is the remainder when g is divided by t(97)?
43
Let z = -55 + 249. Suppose 4*x = c - 42, -4*c = -2*x + 26 - z. Suppose 7*d - 84 = c. What is the remainder when 51 is divided by d?
15
Let z be 6/4 + ((-135)/(-30))/9. Suppose 0*o = -3*i - z*o + 132, 5*i - 2*o - 220 = 0. Calculate the remainder when 129 is divided by i.
41
Let m(i) = -2*i**2 + 868. Let o be m(0). Suppose 20*j = -11*j + o. Calculate the remainder when 194 is divided by j.
26
Let g = -3398 + 3412. Let h = 157 - 92. What is the remainder when h is divided by g?
9
Suppose 3*l + 7*l - 41 = 199. Calculate the remainder when 332 is divided by l.
20
Let j(q) = -15 - 340*q - 36 + 358*q. What is the remainder when j(6) is divided by 12?
9
Suppose 83 = -3*n + r + 2365, 0 = 3*n + 5*r - 2234. What is the remainder when n is divided by 232?
62
Suppose -p = 4*p - i - 15, -11 = p - 3*i. Calculate the remainder when (-204)/(-18) + (-2)/6 is divided by p.
3
Suppose 23*z + 19 - 111 = 0. Let g be 2*(60/(-8))/(-3). Suppose 9 = g*k - 6. What is the remainder when z is divided by k?
1
Suppose -4 - 116 = 15*u. Calculate the remainder when -8*u/224*1183 is divided by 11.
8
Suppose 0 = -55*g + 59*g - 2*a - 834, 0 = 3*g + 3*a - 648. Calculate the remainder when g is divided by 29.
8
Let b(a) = 2*a + 14. Let p be b(-5). Suppose p*s - 27 = 3*s. Calculate the remainder when 42 is divided by s.
15
Let m(p) = p**3 - 11*p**2 - p + 20. Let d be m(11). Let j = d + -2. Suppose -3*k - j = -19. Calculate the remainder when 8 is divided by k.
0
Let s(b) = -b**3 - 36*b**2 + 38*b + 102. Let z be s(-37). Let o = 79 - z. Calculate the remainder when o is divided by 6.
2
Let u = 14842 + -14837. Calculate the remainder when 358 is divided by u.
3
Let d(r) = 574*r - 3309. Calculate the remainder when 1214 is divided by d(6).
134
Suppose 24*l - 5*i = 28*l + 14, -20 = 5*l + 5*i. Calculate the remainder when 48 is divided by ((-1)/(l/(-104)))/((-138)/207).
22
Let n = 302 + -298. Calculate the remainder when (37/(-2))/((-1)/2) is divided by n.
1
Let t(q) = -3*q**2 + 0*q**2 - q**2 - 7*q - 9 - 2*q**3 - 4. Calculate the remainder when t(-4) is divided by -5*((-78)/15 + 2).
15
Let q(r) = -4*r**2 - 46*r - 25. Suppose 21*i = 47*i + 260. What is the remainder when 244 is divided by q(i)?
34
Suppose -2*a = 3*x - 1418, -181*a + 185*a - 2826 = -x. What is the remainder when a is divided by 45?
31
Let k(g) = g**2 + 5*g - 10. Let w be k(-5). Calculate the remainder when (w/(-20))/((-1)/(-78)) is divided by (30 + -2)/(-1 - -3).
11
Let r = 667 - 663. Calculate the remainder when 6 - (63/5)/(r/(-20)) is divided by (2/(-4))/((-3)/72).
9
Let a(h) be the second derivative of h**4/12 - 5*h**3/6 - 95*h**2/2 + 56*h - 2. What is the remainder when 195 is divided by a(13)?
6
Suppose -3*f + 23 = g, g + 0*g = -4*f + 32. Let h(d) = 328*d + 5944. What is the remainder when h(-18) is divided by f?
4
Calculate the remainder when 411 is divided by 1580/(-711)*135/(-6).
11
Suppose 50860 = -143*m + 163153 + 64026. Calculate the remainder when m